f/(s/(-10)) + 1. Let g(w) = w**3 - 6*w**2 - 2*w + 7. Determine g(j).
-5
Let n(i) = -13*i**3 - i**2 + i. Suppose 6*m - 114 = -120. Let c be n(m). Let s(j) = -j**2 + 12*j - 14. Give s(c).
-3
Let i(s) = 758376*s**2 + 3*s - 758378*s**2 + 0 + 3. Calculate i(3).
-6
Let p(b) be the first derivative of b**4/4 + 8*b**3/3 + 5*b - 908. Determine p(-8).
5
Let o = 1150 + -1147. Let g(l) = -l - 8. Let p(s) = -2*s - 8. Let c(j) = -3*g(j) + 2*p(j). Give c(o).
5
Suppose 748*w - 760*w = 0. Let d(i) = i**3 + 2*i**2 - i - 91. Calculate d(w).
-91
Let r(n) be the third derivative of n**7/2520 - n**6/180 + n**5/20 - 25*n**4/4 - n**3/6 - 119*n**2. Let d(c) be the second derivative of r(c). Determine d(6).
18
Let q(c) = 8 - 1 - 3 + c. Let b be (((-135)/(-18))/5)/(6/400). Suppose -7*o = -37 + b. Calculate q(o).
-5
Let a be (-1 + 334)/((-14)/(84/9)). Let l = -213 - a. Let f(p) = -2*p + 9. Give f(l).
-9
Let p(n) = -6*n - 3. Let s(u) = -u**3 - 11*u**2 - 18*u - 8. Let j be s(-9). Let y be j - (-6)/2 - (-3 - 1). Give p(y).
3
Let z(q) = -q**2 - 5*q - 4. Let m be z(-7). Let n = 18 + m. Let k(b) = 2 - 11*b + b**2 - 5*b + b + 16*b. Calculate k(n).
2
Let n(t) = -t**2 - 67*t - 48*t - 80*t - 186 + 238*t. Give n(5).
4
Let s = 71 + -67. Let l be -2*(s + (-78)/4). Suppose -l = -4*f - 19. Let g(b) = 4*b - 4. Calculate g(f).
8
Let z(c) = -10*c**2 + 1. Suppose -2*b = 3*q + 1199, -2*q + 2*b - 2025 = 3*q. Let m = q + 404. Calculate z(m).
-9
Let q(f) = 2*f**3 + 8*f**2 + 2*f - 3. Let n be q(-3). Let g be 2/27*n*-9. Let r(o) = o**2 + 12*o + 5. Determine r(g).
-31
Let p(i) = 3*i. Let q(g) = 5*g + 10. Let o(m) = -2*m. Let v(k) = -3*o(k) - q(k). Let u be v(16). Give p(u).
18
Let v = 23 + -18. Let j(m) = -43980*m**3 + 5 + m + 87939*m**3 - 43960*m**3 + 5*m**2. Calculate j(v).
10
Suppose 0 = 33*b - 15*b - 198. Let j(i) = i**2 - 10*i - 26. Calculate j(b).
-15
Let d(x) be the third derivative of -x**6/120 + x**5/5 - x**4/2 + 3*x**3/2 + 30*x**2. Suppose 9*u = -3*u + 132. Determine d(u).
-2
Let b(x) = -8 + 38*x - 11*x - 14*x + 7*x - 17*x. Determine b(1).
-5
Let i(u) = -1234*u + 609*u - 3 + 670*u. Give i(1).
42
Let z(k) be the first derivative of 13/2*k**2 + 15 + k. Let u(h) = h**3 + h**2 - 4*h - 3. Let r be u(-2). Determine z(r).
14
Let i(x) = 58*x + 6. Let h = -16919 + 16917. What is i(h)?
-110
Let b be (-1 - 8/(-6))*18. Let t(f) be the third derivative of -36 + 1/12*f**4 + 1/3*f**3 - 1/60*f**5 + 0*f + f**2. What is t(b)?
-22
Let d(b) = -b**3 - 8*b**2 + 17*b - 14. Let v = 749 + -759. Determine d(v).
16
Let n(c) = 7*c**2 + c - 8. Let a(o) = -20*o**2 - 2*o + 23. Let l be 2/((-22)/6 + 4). Let g(w) = l*a(w) + 17*n(w). What is g(5)?
2
Let g(w) = w**2 + 19*w - 64. Let z be g(-22). Suppose -40 = -5*j - z*l, 0 = 4*j - 5*l - 19 - 13. Let c(h) be the first derivative of -h**2/2 - h - 1. Give c(j).
-9
Let l(v) = -267*v + 1107. Let r(x) = -44*x + 185. Let y(s) = -2*l(s) + 13*r(s). Determine y(5).
1
Suppose 5*a = 4*y - 0*a - 47, 3*y = -2*a + 41. Let t(x) = -y + 14 - 9 + 1 - 5*x. Determine t(-5).
18
Let z(w) = -w. Let p be z(-3). Suppose 5*d = -p*q - 4, 4*d = -3*q + q - 4. Let l(j) = -2554*j - 2556*j + 5108*j. Give l(d).
4
Let x(s) = s**3 + 6*s**2 + 5*s + 2. Let f be x(-5). Suppose 6 = -2*g + f. Let b(u) be the first derivative of -4*u**3/3 - u**2 + 2*u + 633. Determine b(g).
-10
Let l(x) be the second derivative of x**5/20 - x**4 + x**3/6 - 2*x**2 - 21*x. Let u be l(12). Let q(t) = -29*t + u*t + 11*t. Give q(1).
-10
Let s = 5218 + -5209. Let i(m) = -25*m + 206. Determine i(s).
-19
Let i(b) = 15*b + 299. Suppose 13*g + 354 - 81 = 0. Let k be i(g). Let a(p) = -p**2 - 15*p + 12. Determine a(k).
-4
Let v(c) = 48*c - 117. Let p be v(3). Let f(x) be the second derivative of 1/6*x**3 - 1/6*x**4 + 0*x**2 + 0 + 1/4*x**5 + p*x. Give f(1).
4
Let d be (2/3)/((-4)/(-534)). Suppose d + 35 = 4*o. Let z = 29 - o. Let n(y) = 2*y**2 + 2*y + 3. Determine n(z).
7
Let o(k) = 12*k**3 - 5*k**2 - 9*k - 10. Let c(h) = h**3 - h**2 - 2*h - 2. Let r(a) = 4*c(a) - o(a). Calculate r(-1).
10
Suppose -57*k = -2*h - 58*k + 1, 5*k - 5 = -5*h. Let x(m) be the first derivative of -1/3*m**3 - 1/4*m**4 + h*m**2 - 16 + 2*m. Calculate x(2).
-10
Let g(a) = a**3 - 3*a**2 - 12*a + 29. Suppose 32*o + 3932 = 4060. Give g(o).
-3
Let m(y) = 3*y - 4. Suppose -15 + 135 = 8*a. Suppose -7*n - 18 = -2*u - 11*n, 5*n - a = 0. Give m(u).
5
Let q be (-15)/(-6)*(-1)/((-5)/8). Suppose 8*s + 28 = 4*s - q*r, 14 = -5*s + 2*r. Let j be ((-3)/8*-4*s)/2. Let a(k) = -7*k + 2. What is a(j)?
23
Let u(a) = 3*a**3 - 2*a**2 + 2*a - 1. Suppose -5*y - 2526 = 1314. Let r = y + 769. Calculate u(r).
2
Suppose y + 4*y - 34 = -2*h, 50 = 5*h - 5*y. Let q(i) = -i**2 + 11*i + 27. Calculate q(h).
15
Let k = -18670 + 18670. Let o(f) = -4*f**3 + f**2 + 3*f + 2. Give o(k).
2
Let f(g) = g**3 + 14*g**2 - 20*g + 6. Let k(u) = 2*u**3 + 22*u**2 + 6*u**2 - 31*u + 12 + 10*u - 18*u. Let d(h) = -11*f(h) + 6*k(h). Determine d(-15).
-9
Let d(u) be the second derivative of -1/6*u**3 + 101*u + 0 + 7/2*u**2. What is d(12)?
-5
Let u(c) = -c**2 - 17*c - 41. Let o be u(-12). Suppose 0 = 3*z + 4*b - 32, 0 = -4*b + 1 + o. Let l(p) = 2*p. Determine l(z).
8
Let t(z) = 10*z**3 - 7 - 18*z**2 - 337*z + 9*z**3 - 18*z**3 + 338*z. Determine t(18).
11
Let w(f) = f**3 - 3*f**2 + 5*f - 5. Suppose 442*h + 218 = 551*h. What is w(h)?
1
Let g = -5 - 2. Let c(x) = x**2 - 8*x - 82. Let q be c(14). Let n(z) = 3 - 162*z**2 + 335*z**2 + 8*z - 172*z**q. Give n(g).
-4
Let n(k) = k**2 + 10*k + 9. Suppose -4*o + 80 = -6*t + 3*t, 0 = -3*o - 4*t + 35. Suppose 19 + o = g. Let w be 3/g*-86 + 1/6. Calculate n(w).
-12
Let i(z) = -167*z - 1. Let f(s) = 419*s + 2. Let k(o) = 2*f(o) + 5*i(o). Suppose 4*a = -0*a + 8. Let g be -3*((-2)/3)/a. Calculate k(g).
2
Let u(k) = k**3 - 3*k**2 + 4. Let z be 924/(-441) + 26/273. Give u(z).
-16
Let d = -338 - -341. Suppose -3*t = 5*p - 20, 7 = d*p + 3*t - 5. Let v(a) = a**2 - 6*a - 3. Determine v(p).
-11
Suppose -239 = -4*y - 255, 12 = 4*i + y. Let s(w) = -w. Let p(h) = h**2 - 2*h**2 - 1 - 3 + 4*h. Let v(z) = -p(z) + 2*s(z). Determine v(i).
-4
Let s be 4/(-4 - (-5)/((-5)/(-6))). Let n(h) = h**2 + 30 + 0*h**s + 13*h + 9*h - 9*h + 9*h. Determine n(-21).
9
Let o(c) = -61*c + 12*c - 17 + 4*c + 5*c + 42*c. What is o(0)?
-17
Let w(b) be the second derivative of 2*b**3/3 - b**2 + 2623*b. Let x be 1/((-2)/(-26)*-1). Let y = x - -8. Calculate w(y).
-22
Let i(z) = z**2 - 18*z - 15. Let t be 195/(-130)*(-8)/(-3). Let p be (1 - -15) + 4*(-3)/t. Calculate i(p).
4
Let j(v) = -3*v**2 - 38*v + 12. Let x(g) = -2*g**2 - 25*g + 8. Let d(q) = 5*j(q) - 8*x(q). Suppose -290*r + 47 - 3064 + 117 = 0. Calculate d(r).
-4
Let u be (-3)/3 + -5 - -14. Let r(m) = -m**2 + 8*m. Let s be r(8). Suppose p + 4 - u = s. Let d(z) = 4*z - 2. Calculate d(p).
14
Let w(g) be the third derivative of -9*g**4/8 - 83*g**3/3 - 59*g**2 - 1. Let l be w(-6). Let t(y) = -3 - 3*y + 3 - 3 - y**3 - 3 - 5*y**2. Determine t(l).
-10
Let m be (-72)/18*4*(-6)/(-6). Let n(z) = 3*z + 43. What is n(m)?
-5
Let z(r) = 2*r**3 + 78*r**2 + 75*r - 21. Let j be z(-38). Let q be 74/(-9) - ((-306)/81)/j. Let h(f) = -f**3 - 8*f**2 - f - 6. Calculate h(q).
2
Let s(m) = 68*m + 1. Let o(g) = -339*g + 28. Let k(r) = o(r) + 5*s(r). Calculate k(2).
35
Let g(d) = d**2 + 16*d - 20. Let x = -505 - -511. Let a be 51/2*(32/x)/(-8). Calculate g(a).
-3
Let a(z) = 24*z + 14*z + 22*z - 76*z - 23 + 15*z. Calculate a(-6).
-17
Let a = 138 + -118. Let t(r) = 2*r - 51. What is t(a)?
-11
Let a(h) = -3*h**2 + 1. Let g(p) be the third derivative of p**5/15 - p**4/24 - 170*p**2. Let r(n) = -3*a(n) - 2*g(n). Calculate r(2).
5
Suppose -2*h - 14 = -4*h. Let f(q) = -339*q**3 + 14*q**2 + 6*q - 24. Let r(o) = 242*o**3 - 9*o**2 - 4*o + 16. Let n(z) = 5*f(z) + 7*r(z). What is n(h)?
6
Let r(h) be the first derivative of 4*h + 1/4*h**4 - 23 + 4*h**2 - 3*h**3. Calculate r(8).
4
Let d(w) = -7*w - 2. Let o(j) = -4*j - 1. Let f(z) = -d(z) + 2*o(z). Give f(-6).
6
Let y(s) = 5*s**2 + 9*s - 4. Let j be -243 + 237 - 6/(-2). Calculate y(j).
14
Suppose 3*s + t = -1, 0 = 5*s - t - 0*t + 7. Let a(i) = -9*i**2 - 6*i + 11. Let h(o) = 23*o**2 + 11*o - 19. Let p(g) = 7*a(g) + 4*h(g). Give p(s).
28
Let g = 1713 - 1698. Let v(b) = -2*b + 34. Determine v(g).
4
Let k(v) = -8*v**2 - 97*v - 10. Let p be 10/(-9 - -39) - (-259)/(-21